 List the prime factors of f.
7
Let m(p) = -105*p - 234. List the prime factors of m(-18).
2, 3, 23
Suppose 25*a = 18*a + 1078. Suppose a = 2*h + 2*f, f = 5*f - 4. What are the prime factors of h?
2, 19
Suppose 0 = -2*h + 338 + 144. What are the prime factors of h?
241
Suppose 11*m - 4*m = -91. Let c(b) = -b**3 - 13*b**2 - 10*b - 26. What are the prime factors of c(m)?
2, 13
Let b(x) = -5*x + 13. Let q(y) = -4*y + 12. Let d(m) = m - 3. Let i be d(-2). Let j(g) = i*b(g) + 6*q(g). What are the prime factors of j(10)?
17
Let c(d) = d**2 + 3*d + 15. Let u be -8 + 3 - (3 - 3). Let w = -11 - u. List the prime factors of c(w).
3, 11
Let y(d) = 383*d**2 + 21*d + 3. What are the prime factors of y(-3)?
3, 1129
Suppose 5*n - 5 = 0, 4*a - 3*n - 15 = 2*n. Suppose 2*c = 4*c + 5*l - 48, 0 = c + a*l - 24. List the prime factors of c.
2, 3
Let y(h) = 6*h**2 + 1. Let a be y(1). Let n = 26 - -29. Suppose -3*p - 2*p = 5*o - n, -p + a = -o. List the prime factors of p.
3
Let y(b) = -b + 2. Let k be y(-2). Let p = 123 + -119. Suppose -k*h + 52 = 2*g - g, g = -p. List the prime factors of h.
2, 7
Let n be 2/(12/14)*93. Suppose -3*s = -n - 422. List the prime factors of s.
3, 71
Let w(f) = f**3 + 7*f**2 + 6*f + 5. Let u be w(-6). Suppose 0*t = u*t - 30. List the prime factors of (-30)/(-8) - t/(-24).
2
Let l(v) = 3*v**2 - 4*v - 2. Let a(d) = d**3 + 11*d**2 + 7*d - 4. Let o be a(-10). Let t = o + -22. What are the prime factors of l(t)?
2, 3, 5
Suppose -9*k + 11*k - 590 = 0. What are the prime factors of k?
5, 59
Let o(i) = -i**3 + 2*i - 1. Let d be o(1). Suppose y + d*y - 8 = 0. What are the prime factors of y?
2
Let v = -5028 - -7373. What are the prime factors of v?
5, 7, 67
What are the prime factors of (-8)/(-4)*((-5789)/(-14) - 2)?
823
Let t = -24 + 25. Suppose 2*x + t = -7. List the prime factors of (-2)/x + 356/8.
3, 5
Let q = -1039 - -3421. List the prime factors of q.
2, 3, 397
Let m be -2 - 0 - (-143 - 0). Suppose -r + m = 2*r. List the prime factors of r.
47
Let t(u) be the third derivative of u**5/20 + u**3/6 + 7*u**2. Suppose -3*s - 6 = -6*s. List the prime factors of t(s).
13
Let o = 58 - 28. Suppose -m + 3*d - 3 = 0, 2*d - o = -5*m + m. Suppose 2*u = m*u - 104. List the prime factors of u.
2, 13
Let n = 843 - 826. List the prime factors of n.
17
Suppose 2*h + 4*m + 256 = 0, -4*h = 3*m + 241 + 261. Let x be 2/(-6) - h/(-6). Let n(q) = -2*q - 13. List the prime factors of n(x).
29
Suppose 3*n - 7*n + 5*m = -39, 0 = -2*n - m + 9. List the prime factors of ((-828)/(-14))/3 - n/(-21).
2, 5
Let t(s) be the second derivative of 1/12*s**4 - 6*s + 11/2*s**2 + 0 - 3/2*s**3. What are the prime factors of t(11)?
3, 11
Suppose 5*n + 5*z = 21095, 0 = -z + 9 - 14. List the prime factors of n.
2, 3, 11
Suppose 3*a - 4*m = 17, -a + 4*m + 20 = 3*a. Let h(v) = 2*v**2 + 4 - 3*v - v**2 + 0*v. List the prime factors of h(a).
2
Let f = -249 + 585. Suppose 2*k + 159 = c, 2*c + 0*k + 5*k = f. List the prime factors of c.
163
Let y(a) be the second derivative of a**3/3 + 3*a**2 + 5*a. Let z be y(7). Let r = z - 6. List the prime factors of r.
2, 7
Let t be 51/(-15) - (-4)/10. List the prime factors of 8/12*t - -27.
5
Let f = 877 - 353. List the prime factors of f.
2, 131
Let u be 118/10*(4 + 1). Suppose u = 3*n + 2*j, n + 0*n - 5*j = 14. List the prime factors of n.
19
Let b = 362 + 1598. List the prime factors of b.
2, 5, 7
Suppose t = -5, 0*x - t + 25 = x. What are the prime factors of 3*4/x*195?
2, 3, 13
Let h = 131 - -920. List the prime factors of h.
1051
Let u = -105 - -49. Let x be (-497)/u + (-2)/(-16). Suppose -x*k + 135 = -6*k. List the prime factors of k.
3, 5
Let w(m) = m**2 + 2*m - 29. Let o be (-44)/6*(-12)/8. List the prime factors of w(o).
2, 3, 19
Let m(t) = 29*t**2 + 3*t - 33. What are the prime factors of m(4)?
443
Suppose -5*o - 2*u + 6*u = -565, -2*o + 203 = 3*u. Suppose y - 3*n - o = 0, 475 = -y + 6*y - n. Suppose -26 = 2*g - y. List the prime factors of g.
2, 17
Suppose -2*a - 2*s - s + 3 = 0, -16 = -5*a + s. Suppose -a*r + 4 = -4*q, 3*r = -4*q - 0 - 4. List the prime factors of (q/(-1))/(2/26).
13
Let d be ((-11)/(-3))/(4/36). Suppose -c + 2*z = -11, 0*z + d = 3*c + 5*z. Suppose -2*f - c = -3*h, -4*h + 3*h = -2*f - 1. What are the prime factors of f?
2
Let k(i) = 7*i - 26. Suppose 0 = -j + 4*x, 0*j = 2*j + 2*x - 20. What are the prime factors of k(j)?
2, 3, 5
Let z = 422 - 164. Suppose z - 3 = 5*l. List the prime factors of l.
3, 17
Let z be (-2)/5 - (-310)/25. What are the prime factors of 226*-3*(-2)/z?
113
Let x = 114 - -300. Suppose -376 + 124 = -3*j - 3*y, 5*j - y - x = 0. What are the prime factors of j?
83
Let r(n) be the second derivative of n**4/12 + 7*n**3/6 + 3*n**2/2 - 7*n. Let y = -13 - -4. What are the prime factors of r(y)?
3, 7
Suppose -7*u + 497 = -217. What are the prime factors of u?
2, 3, 17
Let c(v) = -v**3 - 6*v**2 + v + 4. Let u be c(-5). Let z be (u/4)/(3/(-6)). Let q = z + -7. List the prime factors of q.
2, 3
Let n(t) = -42 - 5 + 28*t + 9. List the prime factors of n(11).
2, 3, 5
List the prime factors of (-2)/(-8)*(5 + 197)*4.
2, 101
Let p(s) be the second derivative of 21/20*s**5 + 0*s**2 + 5*s - 1/6*s**3 + 0*s**4 + 0. List the prime factors of p(1).
2, 5
Let o(p) be the second derivative of p**5/4 + p**3/6 + p**2 - p. Let d(n) = n**2 + 2. Let z be d(0). List the prime factors of o(z).
2, 11
Let x be ((-34)/3)/((-2)/3). Suppose 0 = -3*m - 0*m - 45. Let p = x + m. What are the prime factors of p?
2
Suppose 0*t + 8*t - 24 = 0. Suppose 0 = t*v - 625 - 29. List the prime factors of v.
2, 109
Let a be (-1 + 0/(-4))/((-3)/15). Suppose 25 = a*v - 50. What are the prime factors of v?
3, 5
Let t be (-86)/(-18) - (-18)/81. Suppose -3*q + 45 = -5*x, 2*q - 21 = t*x + 9. Suppose 0*s - q = -3*s. List the prime factors of s.
5
Let k be (-6 - 4)/(2/(-22)). Suppose 5*l + 4*m + 4 = 109, -5*l = 3*m - k. List the prime factors of l.
5
Let o(f) = -3*f**2 + 5*f + 1. Let h be o(-4). Let t = h - -122. Let a = -20 + t. What are the prime factors of a?
5, 7
Let q(a) = -6*a - 12. Let g be q(5). Let w be (-32)/14 + (-12)/g. List the prime factors of -3 - (-3*12 + w).
5, 7
Let l(q) = -q**2 + 16*q - 16. Let y(w) = -w**2 + 17*w - 17. Let a(f) = 5*l(f) - 4*y(f). Let u = 32 + -23. List the prime factors of a(u).
3, 5
Let x = 29 + -14. Suppose -3*k = x, -k + 250 = 2*j + 3*j. List the prime factors of j.
3, 17
Let a be (8/(-5))/(10/(-25)). Suppose 0*n + 5*n - 25 = 0, a*y = -2*n - 94. Let l = 51 + y. List the prime factors of l.
5
Suppose 4*t = 2*x - 7249 + 18471, 0 = 5*t - 5*x - 14030. List the prime factors of t.
3, 5, 11, 17
Suppose 0 = -y - 184 + 1332. What are the prime factors of y?
2, 7, 41
Let r(o) be the first derivative of 1/3*o**3 + 5 + 1/2*o**2 - 2*o. What are the prime factors of r(4)?
2, 3
Suppose -11579 = -3*p - 2*y, 19330 = 37*p - 32*p - 3*y. List the prime factors of p.
3863
Suppose 4*x + 4*p = 7*p - 1, p = -3*x + 9. Suppose -2*h - 263 = -3*s + 3*h, -x*h = 5*s - 490. List the prime factors of s.
2, 3
Let g = -34 + 49. What are the prime factors of 1830/g - ((0 - -1) + 1)?
2, 3, 5
Suppose 2*g + 3 = 1. Let t(n) = -9*n**3 + 2*n + 1. Let x be t(g). Let j = 13 - x. List the prime factors of j.
5
Suppose 0 = 3*u - 5*u + 8. Suppose u*o + d = -0*d + 8, -3*o - 2*d + 1 = 0. Suppose -2*s + o*z = -81, -2*s - z = -7*s + 222. What are the prime factors of s?
3, 5
Suppose z = 3*k + 152, 5*k - 4*k - 4*z + 47 = 0. Let a = k + 30. What are the prime factors of (-10)/(-5) - 1*a?
23
Suppose -3*j = -4*j - 68. Let t = j - -165. What are the prime factors of t?
97
Let z(m) = -5*m - 11. Let j be z(3). What are the prime factors of ((-225)/10)/5*j?
3, 13
Let o = 26 - 14. Suppose d - 7 = o. What are the prime factors of d?
19
Suppose 0 = 4*k - 4*f - 436, -k - 4*k + 4*f = -543. Suppose -b + 5*y - k = -3*b, 0 = 3*b - 3*y - 150. List the prime factors of b.
3, 17
Suppose -4*p + 928 = -4*d, -3*d - 94 = -5*p + 1076. Let a be (-3)/12 - p/(-4). Suppose 0*j + 5*k + a = j, 19 = j + 5*k. List the prime factors of j.
3, 13
Let x = -9 - -15. Let l(c) = c**2 - 1. Let g(n) = 7*n**2 - 9*n + 2. Let f(i) = -g(i) + 6*l(i). What are the prime factors of f(x)?
2, 5
Let i(t) = -t**2 + t. Let z be i(0). Suppose z = -m + 1, k = -4*k - m + 526. What are the prime factors of k?
3, 5, 7
Let